and 5.
5
Let p(s) = 13*s**3 - s**2. Let f be p(1). Let n = f - 0. Let x be 70/8 + (-8)/((-128)/(-12)). What is the greatest common factor of n and x?
4
Suppose -5180 = -8*f - 1836. Calculate the highest common divisor of f and 38.
38
Let x(p) = p**2 - 5*p + 4. Let t be x(9). Suppose u + t = 6*u. Let b be -2*3*8/(-6). Calculate the greatest common factor of u and b.
8
Let m(f) = -f**3 - f**2 + f + 3. Let l be m(-3). Let c be 21/(-18)*-3*l. Calculate the greatest common factor of c and 9.
9
Let d be 15264/128 - 3*(-2)/8. Calculate the highest common divisor of d and 90.
30
Suppose 16 = 5*n - n. Let o be (-94)/(-6) + (-8)/(-24). Calculate the greatest common divisor of n and o.
4
Let d be (6/18)/(141/(-72) + 2). What is the highest common factor of 104 and d?
8
Let y(p) = p**2 - p + 3. Let v be y(0). Suppose -o + v*o = n + 68, -2*n = 8. What is the greatest common factor of 4 and o?
4
Let r be (1 - 3 - 1)*-4. Suppose 3*h - 36 = f, -3*f + 34 = h + r. What is the greatest common divisor of h and 13?
13
Let b = 3 + 30. Let k = -2 - -13. What is the highest common factor of b and k?
11
Suppose -4*c - 2 - 2 = 0. Let f be 2*31 + (-3 - c). Let g = -30 - -70. Calculate the greatest common divisor of f and g.
20
Let y be (-3)/12 + 987/12. Let o be 2*y - 3/3. Suppose t + 28 = o. Calculate the highest common divisor of 15 and t.
15
Suppose -3*u + 6*u - 266 = -2*r, 0 = -5*r + 2*u + 684. What is the greatest common divisor of r and 17?
17
Let m be 2/(-9) + (-4)/(-18). Let d be 6 + m + -3 + 1. Suppose a + 4*q - 12 = -a, 5*a - 2*q - 18 = 0. Calculate the greatest common factor of d and a.
4
Suppose 0*k = -2*k. Suppose k = v + 2*v - 5*o - 16, 2*v = -4*o - 4. Calculate the greatest common factor of 2 and v.
2
Suppose 4*l + 3*g - 68 = -g, -g - 31 = -3*l. Calculate the highest common divisor of 132 and l.
12
Suppose s - 1485 = -4*s. Let q(p) = p**3 + 16*p**2 + 26*p - 1. Let t be q(-14). Calculate the greatest common divisor of t and s.
27
Suppose -w + 40 = -212. Calculate the highest common factor of 28 and w.
28
Suppose 5*s - 44 = 3*s. Suppose 0 = -q - 4*q + 25. Suppose 3*u = q + 28. Calculate the highest common divisor of u and s.
11
Let u(w) = -9*w - 15. Let l be u(-6). Suppose -5*m = -31 - l. Calculate the greatest common divisor of 98 and m.
14
Suppose -w - 5*x = -1, 3*w + 5*x - 5 = -2. Suppose -4*m + 4 = 4*q, -w = 2*m + 3*q + 1. Suppose -m*i + 17 = -8. What is the greatest common factor of 5 and i?
5
Let s = 21 - 11. Let w be (18/s)/(6/20). Calculate the highest common factor of 24 and w.
6
Suppose -2*k - f = -4*f - 17, -4*k - 3*f + 61 = 0. Let m be (-428)/(-16) + (-15)/20. What is the highest common factor of k and m?
13
Let b(j) = 25*j**2 + 3*j - 1. Let f be b(1). Calculate the greatest common divisor of f and 216.
27
Suppose -2*v - s + 65 - 19 = 0, 3*v - 83 = -5*s. Calculate the highest common factor of 105 and v.
21
Let a be -2 + 4 + (5 - -1). Let j be 6/a*(9 - 5). What is the greatest common divisor of j and 3?
3
Suppose 3*b + 2*p = 75, -3*b + 2*p + 0*p = -75. Let n = -132 + 407. Calculate the greatest common divisor of n and b.
25
Let h(d) = -21*d + 18. Let m be h(-6). What is the greatest common factor of 12 and m?
12
Let j = 6 - 1. Suppose -n = j - 18. Let o be (-1 - 4/(-2)) + 12. Calculate the greatest common divisor of n and o.
13
Let v be (-4)/(-8)*3*2. Let s(o) = 22*o - 3. Let c be s(v). Calculate the greatest common divisor of 9 and c.
9
Let g be -1 + 2 - (-20 + 0). Let b be g/12 + (-12)/16. Calculate the greatest common divisor of b and 9.
1
Let o = 154 + 263. Suppose -3 = 3*z, -3*z = 5*l - 2*l - o. What is the highest common divisor of 56 and l?
28
Suppose 21 - 6 = -3*a. Let m(t) = t**3 + 6*t**2 - 5*t - 6. Let b be m(a). Let o be (-1 + -2)/((-6)/b). Calculate the highest common factor of o and 33.
11
Let r be (1 + 0)*1 - -18. Suppose 122 + 258 = 10*w. What is the greatest common factor of w and r?
19
Let k = -119 + 50. Suppose 2*w = 202 + 32. Let c = k + w. Calculate the greatest common divisor of 6 and c.
6
Suppose 5*n - 2*p - 35 = -0*p, 0 = 3*n + 2*p - 37. Let m(s) = s**2 - 3*s - 4. Let w be m(5). Calculate the greatest common factor of w and n.
3
Let b be ((-4)/6)/(4/12). Let j be (b + 1 - -6)*1. Suppose -4*w - j*u = -7, 27 = 3*w + w + u. What is the greatest common factor of w and 8?
8
Let p be (2 + -2 - -48)*1. Let t be 2/(1 + 1)*2. Let x be 0 - (-9 - t/(-2)). What is the greatest common factor of p and x?
8
Suppose 5*p = 2*v + 59, 5*p - 66 + 15 = -2*v. Let d(a) = a**2 - 8*a - 7. Let i be d(-8). Calculate the greatest common divisor of i and p.
11
Suppose 24 - 106 = -2*c. Let i = c - 27. Calculate the greatest common divisor of i and 56.
14
Let d be 3 + (-1 - 3) + 27. Calculate the greatest common factor of d and 130.
26
Let l be (-93)/(2 - 5) + -3. What is the greatest common factor of l and 7?
7
Let u = -11 + 51. What is the greatest common factor of u and 16?
8
Let d = 1 + -7. Let y be 32*d/4*-2. Calculate the greatest common factor of y and 24.
24
Suppose -2*m - 63 = -5*m. Suppose 28 = 4*i - 72. Let c = 39 - i. What is the greatest common divisor of c and m?
7
Suppose 2*m - 5*o - 9 = 0, -4*o = -5*m + o + 15. Let j be m + -2 + (-2 - -182). Let t = -42 + 62. What is the highest common divisor of t and j?
20
Let w = 29 - 11. Let s = 396 - 270. Calculate the highest common divisor of w and s.
18
Suppose 3*q = 2*q - 5, -34 = -x + 5*q. What is the greatest common factor of x and 27?
9
Let z = 76 + -75. Calculate the highest common divisor of z and 3.
1
Let a be -3*1 + 2 - 0. Let b be (17 + 1/a)*2. Let f = -22 + 102. What is the greatest common factor of f and b?
16
Let i = 17 + -2. Let q be (-10)/4*(-54)/i. Let j be q/2 + 6/(-4). What is the highest common divisor of 30 and j?
3
Suppose -4*c + 3*v + 62 = v, 3*v = -3*c + 42. Suppose 0 = -3*d + 2*d + 3. Let b be 1/d + (-17)/(-3). What is the highest common divisor of b and c?
3
Let d be (-3)/(-18) + (-58)/(-12). Suppose 0 = -4*f + 3*u + 21, 0 = 5*f - 6*f + d*u + 1. Calculate the highest common factor of f and 30.
6
Let r(n) = 4*n + 8. Let b be r(-4). Let c(h) = h**3 + 9*h**2 + 8*h + 5. Let z be c(b). What is the highest common divisor of 20 and z?
5
Let t = -54 + 60. Calculate the greatest common divisor of t and 24.
6
Let v = 90 - 61. Let t = -21 + v. Let z(u) = u**3 - 7*u**2 - 5*u - 7. Let d be z(t). What is the highest common divisor of d and 136?
17
Let g(w) = -w**3 - 5*w**2 + w - 4. Suppose -m + 0 = 5. Let c = m + -1. Let x be g(c). Calculate the greatest common factor of x and 13.
13
Suppose -5 + 355 = 5*d. Let x(q) = 5*q**2 + 2*q - 2. Let m be x(-2). Calculate the greatest common divisor of m and d.
14
Let t = 36 - 7. Suppose 0 = 2*x + 10, -2*r = 5*x + t. Let c(u) = -3*u**3 - 2*u**2 + 2*u. Let k be c(r). What is the highest common factor of 12 and k?
12
Let y = -5 + 3. Let w be 4/((5/y)/(-5)). Let l = -2 + w. Calculate the greatest common divisor of l and 30.
6
Let g be 4/(-18) - 1092/(-54). Suppose -5*l - 4*f = -0*f - 30, -2*l - 4*f = 0. What is the highest common divisor of l and g?
10
Let b = 317 + -205. Suppose 2*p = 5*t + b, 3*p - 129 = -2*t + 39. What is the greatest common factor of 8 and p?
8
Suppose 4*g = -0*g + 64. Let r be 18/g + (-3)/24. Calculate the highest common factor of r and 11.
1
Let w(m) = -8*m - 30. Let k be w(-5). What is the greatest common factor of k and 40?
10
Let w be 0*(-4)/16*2. Let d be (-1)/(4/(-84)) + w. What is the highest common factor of 105 and d?
21
Let x(g) = -11*g + 8 - 3 - 10*g**2 + g**3 + 7. Let p be x(11). Suppose 8*f = 3*f + 20. What is the highest common divisor of p and f?
4
Suppose 26 = z - 0*z. What is the greatest common divisor of z and 39?
13
Suppose 5*t = -3*a + 118, 3*t + 2*a - 37 = 33. What is the highest common divisor of t and 234?
26
Let j = -128 - -130. What is the highest common divisor of j and 2?
2
Suppose 0 = 3*s + 3*j - 126, 3*j - 90 = -2*s - 2*j. Suppose -23 = -2*d - 3*a, -19 = -d - 5*a - 4. Calculate the highest common divisor of s and d.
10
Let j be 2/(-8) - (-122)/8. Suppose -6*q + 3*t - 54 = -7*q, -2*t - 219 = -5*q. Calculate the greatest common factor of j and q.
15
Let a = 71 - 63. Calculate the greatest common divisor of a and 10.
2
Let f be (12/4)/(-3) - 17. Let a be -3*14*3/f. What is the highest common diviso